
Is 516827 a composite number?
True
Is 631913651 a prime number?
False
Is 7431881 a prime number?
True
Is 2220151 prime?
True
Is 287909 composite?
True
Is 111801281 prime?
False
Is 37957669 composite?
False
Is 216969017 a prime number?
True
Is 1348085 prime?
False
Is 1292023 a composite number?
False
Is 77923347 a prime number?
False
Is 155826683 composite?
True
Is 1161289 a prime number?
True
Is 226691 a prime number?
True
Is 19099109 composite?
True
Is 13280287 a prime number?
True
Is 129638117 prime?
False
Is 12919217 composite?
True
Is 7825801 a prime number?
False
Is 25776143 composite?
False
Is 23746511 composite?
True
Is 311724467 a composite number?
False
Is 9788783 a prime number?
False
Is 14020769 prime?
False
Is 258281663 composite?
True
Is 7564091 a prime number?
True
Is 171497761 a composite number?
False
Is 11555009 a composite number?
False
Is 49886131 a prime number?
True
Is 17040671 prime?
True
Is 9469661 a prime number?
True
Is 3639899 a prime number?
False
Is 11789255 a prime number?
False
Is 6774073 prime?
True
Is 1601647 a prime number?
True
Is 75830357 a composite number?
False
Is 1763341 prime?
False
Is 10484167 composite?
True
Is 4772473 prime?
False
Is 48761959 prime?
True
Is 2944289 prime?
True
Is 255108779 a composite number?
True
Is 370561 a prime number?
True
Is 1900039 a composite number?
True
Is 124369103 a prime number?
True
Is 11872643 a prime number?
True
Is 21064897 a prime number?
False
Is 52775197 a prime number?
True
Is 150719411 composite?
False
Is 178570433 a composite number?
True
Is 151417713 composite?
True
Is 34125697 a prime number?
True
Is 1818083 a composite number?
True
Is 551393 composite?
True
Is 29105369 composite?
True
Is 41288939 a prime number?
True
Is 23012963 composite?
False
Is 1264097 a composite number?
True
Is 16513699 a composite number?
False
Is 193204149 prime?
False
Is 396993851 a composite number?
False
Is 17149477 prime?
True
Is 1503739 a prime number?
True
Is 4543277 a prime number?
True
Is 6950291 a composite number?
True
Is 2146939 prime?
True
Is 567736261 prime?
True
Is 222018293 composite?
True
Is 1454189 a composite number?
True
Is 3201617 composite?
False
Is 697787 a composite number?
False
Is 2108479 composite?
True
Is 7664203 a composite number?
False
Is 1528999 composite?
False
Is 157951291 prime?
True
Is 2503087 a prime number?
False
Is 32967187 prime?
False
Is 658391 prime?
True
Is 4636993 composite?
False
Is 17809583 a prime number?
False
Is 474941771 a composite number?
False
Is 118777 prime?
False
Is 4591313 composite?
False
Is 855497 prime?
False
Is 3533947 prime?
False
Is 57365783 a composite number?
False
Is 1080002179 composite?
True
Is 751603 composite?
True
Is 48009217 prime?
True
Is 326229707 prime?
False
Is 165150247 composite?
False
Is 22264157 a prime number?
False
Is 6466591 a composite number?
False
Is 23897021 a composite number?
True
Is 9624063 prime?
False
Is 15278063 a prime number?
False
Is 13135519 prime?
True
Is 2372087 composite?
False
Is 204683729 a prime number?
True
Is 286799 composite?
True
Is 4285313 composite?
False
Is 101411 composite?
False
Is 264771037 a prime number?
False
Is 19979851 prime?
False
Is 20554539 composite?
True
Is 2078179 composite?
True
Is 15250187 composite?
False
Is 37157701 a prime number?
False
Is 8331119 a composite number?
True
Is 227658029 prime?
True
Is 18337103 a prime number?
True
Is 1632073567 prime?
True
Is 1443367 prime?
False
Is 1199069 prime?
True
Is 64493473 a composite number?
True
Is 964639 prime?
False
Is 105087941 a composite number?
True
Is 206000467 prime?
False
Is 1013471 prime?
True
Is 16120151 a composite number?
True
Is 129736921 composite?
True
Is 4489627 composite?
True
Is 133265065 composite?
True
Is 196130843 a prime number?
True
Is 2725207 a composite number?
True
Is 59850683 prime?
True
Is 41288027 prime?
False
Is 13513237 composite?
True
Is 949379 a composite number?
True
Is 19433317 a composite number?
False
Is 28700571 prime?
False
Is 43834849 composite?
True
Is 491291 composite?
True
Is 11639002 prime?
False
Is 272760343 a composite number?
False
Is 35181929 a prime number?
False
Is 896647 composite?
False
Is 363305967 a composite number?
True
Is 40188593 a composite number?
False
Is 6377731 prime?
False
Is 63213037 a composite number?
False
Is 2250709 a prime number?
True
Is 1689239 composite?
True
Is 119921 composite?
False
Is 156266339 prime?
False
Is 16018507 a composite number?
False
Is 48851 a prime number?
False
Is 12003599 prime?
False
Is 338925043 a prime number?
False
Is 7978501 prime?
False
Is 4610329 composite?
True
Is 681534053 prime?
True
Is 211543 a composite number?
False
Is 67406839 a composite number?
False
Is 737613581 prime?
True
Is 30075959 a composite number?
False
Is 3848921 a composite number?
False
Is 658267739 composite?
True
Is 50559127 composite?
True
Is 60718043 a composite number?
False
Is 558011293 a composite number?
True
Is 9408011 prime?
True
Is 36948449 prime?
False
Is 681449 a prime number?
True
Is 115720079 a prime number?
True
Is 112901 composite?
False
Is 10643461 a prime number?
False
Is 818947 a composite number?
False
Is 60338191 a prime number?
True
Is 6484031 prime?
True
Is 2279609 a prime number?
False
Is 1714831 a prime number?
True
Is 23922469 a composite number?
False
Is 33854767 a composite number?
True
Is 18598727 a composite number?
True
Is 2169975271 composite?
False
Is 488760277 prime?
True
Is 2288654 prime?
False
Is 14877631 prime?
False
Is 66703399 a prime number?
False
Is 140224939 a prime number?
False
Is 1115077 a prime number?
False
Is 3145299 a prime number?
False
Is 23312383 a composite number?
True
Is 215449249 a prime number?
True
Is 10302077 prime?
True
Is 10433861 a composite number?
False
Is 6460891 a composite number?
False
Is 1110176017 composite?
False
Is 55783399 prime?
False
Is 51494647 a prime number?
False
Is 314985989 composite?
True
Is 80432809 a composite number?
True
Is 2644391 a prime number?
False
Is 23035723 composite?
False
Is 277901 a prime number?
False
Is 94239059 prime?
True
Is 57901021 a composite number?
False
Is 9921577 prime?
True
Is 66713869 composite?
True
Is 66761153 prime?
True
Is 4077791 composite?
True
Is 171737837 composite?
False
Is 18616399 a prime number?
False
Is 3884269 prime?
False
Is 20119199 a prime number?
False
Is 4286831 a prime number?
False
Is 86194837 prime?
True
Is 4574989 composite?
True
Is 86077621 prime?
False
Is 1562651 a prime number?
False
Is 74164171 composite?
True
Is 62704801 composite?
False
Is 223010533 prime?
True
Is 8829686 a composite number?
True
Is 757334 composite?
True
Is 3092315 prime?
False
Is 79310827 prime?
True
Is 26666257 a prime number?
True
Is 21245347 a prime number?
True
Is 5902657 prime?
False
Is 83081098 prime?
False
Is 12416077 prime?
True
Is 6291421 a prime number?
True
Is 122428093 a prime number?
True
Is 91899781 prime?
True
Is 27013241 prime?
False
Is 53263493 prime?
True
Is 81100561 a composite number?
False
Is 51476699 composite?
False
Is 9418777 composite?
False
Is 9580213 prime?
False
Is 128134837 composite?
False
Is 255869 a prime number?
True
Is 35026942 a composite number?
True
Is 15045619 a prime number?
True
Is 261061853 a composite number?
True
Is 41206565 prime?
False
Is 1298309 a prime number?
True
Is 3868897 prime?
True
Is 6106369 a prime number?
False
Is 31635857 prime?
False
Is 2727379 a composite number?
False
Is 256869803 composite?
False
Is 27594057 composite?
True
Is 27613369 composite?
True
Is 56804753 composite?
True
Is 859964587 composite?
False
Is 2768731 a prime number?
False
Is 187874107 composite?
False
Is 26968883 composite?
False
Is 1277957 a prime number?
True
Is 4235645 prime?
False
Is 41260171 prime?
False
Is 2857801 a composite number?
False
Is 170072251 prime?
True
Is 5984801 a composite number?
True
Is 2985833 composite?
True
Is 23000858 a prime number?
False
Is 3163917 prime?
False
Is 31047845 a prime number?
False
Is 10354361 a prime number?
True
Is 1661579 a composite number?
True
Is 643926751 a composite number?
True
Is 105469981 composite?
True
Is 743237 a prime number?
False
Is 334914497 prime?
False
Is 14043919 a prime number?
True
Is 168121321 composite?
False
Is 10947254 a prime number?
False
I